{"id":7537,"date":"2025-04-29T16:23:24","date_gmt":"2025-04-29T14:23:24","guid":{"rendered":"https:\/\/prestonpublishing.pl\/blog\/?page_id=7537"},"modified":"2025-04-29T16:23:24","modified_gmt":"2025-04-29T14:23:24","slug":"mapy_angielski","status":"publish","type":"page","link":"https:\/\/prestonpublishing.pl\/blog\/mapy_angielski\/","title":{"rendered":"Dzi\u0119kujemy za zapis do newslettera"},"content":{"rendered":"\n<p>Dzi\u0119kujemy, \u017ce zdecydowa\u0142e\u015b si\u0119 na subskrypcj\u0119\u00a0<strong>newslettera Preston Publishing.\u00a0<\/strong>Jeszcze\u00a0<strong>tylko jeden krok\u00a0<\/strong>dzieli Ci\u0119 od otrzymania bezp\u0142atnego e-booka o metodzie mapowania poj\u0119\u0107 z gotowymi mapami oraz kodu rabatowego na zakupy w sklepie. Potwierd\u017a subskrypcj\u0119 klikaj\u0105c w link wys\u0142any na podany adres e-mail i\u00a0<strong>nie przegap okazji do rozwijania swoich umiej\u0119tno\u015bci j\u0119zykowych.\u00a0<\/strong><\/p>\n\n\n\n<h2 class=\"wp-block-heading\" id=\"h-ucz-sie-jezyka-angielskiego-kreatywnie-i-nieszablonowo\">Ucz si\u0119 j\u0119zyka angielskiego kreatywnie i nieszablonowo! <\/h2>\n\n\n\n<p>Oto\u00a0<em><a href=\"https:\/\/prestonpublishing.pl\/ksiazka-angielski\/605-angielski-mapy-jezykowe.html?srsltid=AfmBOoq1AZ2f2-MMFOP-sNl3DaZt9tn2pMXxsFMahCso7Xo0hqdnsSjE\">Angielski. Mapy j\u0119zykowe. Cz\u0119\u015b\u0107 1<\/a>\u00a0<\/em>\u2013 ksi\u0105\u017cka oparta na\u00a0<strong>metodzie<\/strong>\u00a0<strong>mapowania poj\u0119\u0107<\/strong>, kt\u00f3ra pomo\u017ce Ci szybciej zapami\u0119ta\u0107 nowe angielskie s\u0142owa, wyra\u017cenia i kolokacje. Zawiera niemal<strong>\u00a070 map j\u0119zykowych<\/strong>, stworzonych na bazie r\u00f3\u017cnych skojarze\u0144 oraz unikatowych rysunk\u00f3w. Ksi\u0105\u017cka podzielona jest na\u00a0<strong>13 blok\u00f3w tematycznych<\/strong>\u00a0(np.\u00a0<em>Colours<\/em>,\u00a0<em>Food<\/em>,\u00a0<em>Emotions<\/em>,\u00a0<em>Science<\/em>,\u00a0<em>People<\/em>), a ka\u017cdy z nich zawiera kilka lekcji oraz test podsumowuj\u0105cy.<\/p>\n\n\n\n<p>Pojedyncza lekcja sk\u0142ada si\u0119 z:<\/p>\n\n\n\n<ul class=\"wp-block-list\">\n<li>rozbudowanej mapy do nauki j\u0119zyka z angielskim s\u0142ownictwem,<\/li>\n\n\n\n<li>ciekawostek dotycz\u0105cych kultury \u2013\u00a0<strong>Co w kulturze piszczy?<\/strong>,<\/li>\n\n\n\n<li>dawki gramatyki \u2013\u00a0<strong>Gramatyka-praktyka<\/strong>,<\/li>\n\n\n\n<li>wskaz\u00f3wek odnosz\u0105cych si\u0119 do wymowy \u2013\u00a0<strong>Szlifuj swoj\u0105 wymow\u0119!<\/strong>,<\/li>\n\n\n\n<li>informacji na temat leksyki \u2013\u00a0<strong>Skarbnica<\/strong>\u00a0<strong>s\u0142ownictwa!<\/strong>,<\/li>\n\n\n\n<li>lub z zagwozdek j\u0119zykowych \u2013\u00a0<strong>J\u0119zygwozdka!<\/strong>.<\/li>\n<\/ul>\n\n\n\n<p>To a\u017c 200 stron z tysi\u0105cami hase\u0142, ponad 150 przer\u00f3\u017cnych ciekawostek dotycz\u0105cych j\u0119zyka, gramatyki, kultury, wymowy i s\u0142ownictwa oraz niemal 200 \u0107wicze\u0144, testy i bonusowe krzy\u017c\u00f3wki, dzi\u0119ki kt\u00f3rym powt\u00f3rzysz przyswojone informacje.<\/p>\n\n\n\n<p>Ksi\u0105\u017cka\u00a0<em><a href=\"https:\/\/prestonpublishing.pl\/ksiazka-angielski\/605-angielski-mapy-jezykowe.html?srsltid=AfmBOoq1AZ2f2-MMFOP-sNl3DaZt9tn2pMXxsFMahCso7Xo0hqdnsSjE\">Angielski. Mapy j\u0119zykowe. Cz\u0119\u015b\u0107 1<\/a><\/em>\u00a0opiera si\u0119 na metodzie mapowania poj\u0119\u0107, czyli rozpisywaniu s\u0142\u00f3w i zwi\u0105zanych z nimi skojarze\u0144 oraz tworzeniu adekwatnych ilustracji. W miar\u0119 systematycznej nauki j\u0119zyka angielskiego w Twojej g\u0142owie powstaj\u0105<strong>\u00a0nowe po\u0142\u0105czenia neuronowe<\/strong>, rozwijasz pami\u0119\u0107 i wyrabiasz nowe, skuteczne nawyki uczenia si\u0119.<\/p>\n\n\n\n<p>Potraktuj nasz\u0105 ksi\u0105\u017ck\u0119 jako map\u0119 do angielskiego \u015bwiata, z kt\u00f3r\u0105 nigdy si\u0119 nie zgubisz. Obierz kurs na sukces, daj si\u0119 ponie\u015b\u0107 j\u0119zykowej przygodzie i\u2026 my\u015bl po angielsku!<\/p>\n\n\n\n<div class=\"wp-block-buttons alignwide is-content-justification-center is-layout-flex wp-container-core-buttons-is-layout-a89b3969 wp-block-buttons-is-layout-flex\">\n<div class=\"wp-block-button\"><a class=\"wp-block-button__link wp-element-button\" href=\"https:\/\/prestonpublishing.pl\/index.php?controller=cart&amp;add=1&amp;action=show&amp;id_product=605\">Dodaj do koszyka<\/a><\/div>\n<\/div>\n\n\n\n<figure class=\"wp-block-image aligncenter size-large\"><a href=\"https:\/\/prestonpublishing.pl\/ksiazka-angielski\/605-angielski-mapy-jezykowe.html?srsltid=AfmBOoq1AZ2f2-MMFOP-sNl3DaZt9tn2pMXxsFMahCso7Xo0hqdnsSjE\"><img loading=\"lazy\" decoding=\"async\" width=\"1024\" height=\"1024\" src=\"https:\/\/prestonpublishing.pl\/blog\/wp-content\/uploads\/2022\/10\/A15B03F7-7EC1-4FE8-B824-7E3124201154-1024x1024.jpg\" alt=\"ok\u0142adki ksi\u0105\u017cek Preston Publishing z serii mapy j\u0119zykowe angielski cz\u0119\u015b\u0107 1 Preston Publishing\" class=\"wp-image-2889\" srcset=\"https:\/\/prestonpublishing.pl\/blog\/wp-content\/uploads\/2022\/10\/A15B03F7-7EC1-4FE8-B824-7E3124201154-1024x1024.jpg 1024w, https:\/\/prestonpublishing.pl\/blog\/wp-content\/uploads\/2022\/10\/A15B03F7-7EC1-4FE8-B824-7E3124201154-300x300.jpg 300w, https:\/\/prestonpublishing.pl\/blog\/wp-content\/uploads\/2022\/10\/A15B03F7-7EC1-4FE8-B824-7E3124201154-150x150.jpg 150w, https:\/\/prestonpublishing.pl\/blog\/wp-content\/uploads\/2022\/10\/A15B03F7-7EC1-4FE8-B824-7E3124201154-768x768.jpg 768w, https:\/\/prestonpublishing.pl\/blog\/wp-content\/uploads\/2022\/10\/A15B03F7-7EC1-4FE8-B824-7E3124201154.jpg 1440w\" sizes=\"auto, (max-width: 1024px) 100vw, 1024px\" \/><\/a><\/figure>\n\n\n\n<p><\/p>\n","protected":false},"excerpt":{"rendered":"<p>Dzi\u0119kujemy, \u017ce zdecydowa\u0142e\u015b si\u0119 na subskrypcj\u0119\u00a0newslettera Preston Publishing.\u00a0Jeszcze\u00a0tylko jeden krok\u00a0dzieli Ci\u0119 od otrzymania bezp\u0142atnego e-booka o metodzie mapowania poj\u0119\u0107 z gotowymi mapami oraz kodu rabatowego na zakupy w sklepie. Potwierd\u017a subskrypcj\u0119 klikaj\u0105c w link wys\u0142any na podany adres e-mail i\u00a0nie przegap okazji do rozwijania swoich umiej\u0119tno\u015bci j\u0119zykowych.\u00a0 Ucz si\u0119 j\u0119zyka angielskiego kreatywnie i nieszablonowo! Oto\u00a0Angielski. [&hellip;]<\/p>\n","protected":false},"author":10,"featured_media":0,"parent":0,"menu_order":0,"comment_status":"closed","ping_status":"closed","template":"","meta":{"footnotes":""},"class_list":["post-7537","page","type-page","status-publish","hentry"],"blocksy_meta":[],"featured_image_urls":{"full":"","thumbnail":"","medium":"","medium_large":"","large":"","1536x1536":"","2048x2048":""},"post_excerpt_stackable":"<p>Dzi\u0119kujemy, \u017ce zdecydowa\u0142e\u015b si\u0119 na subskrypcj\u0119\u00a0newslettera Preston Publishing.\u00a0Jeszcze\u00a0tylko jeden krok\u00a0dzieli Ci\u0119 od otrzymania bezp\u0142atnego e-booka o metodzie mapowania poj\u0119\u0107 z gotowymi mapami oraz kodu rabatowego na zakupy w sklepie. Potwierd\u017a subskrypcj\u0119 klikaj\u0105c w link wys\u0142any na podany adres e-mail i\u00a0nie przegap okazji do rozwijania swoich umiej\u0119tno\u015bci j\u0119zykowych.\u00a0 Ucz si\u0119 j\u0119zyka angielskiego kreatywnie i nieszablonowo! Oto\u00a0Angielski. Mapy j\u0119zykowe. Cz\u0119\u015b\u0107 1\u00a0\u2013 ksi\u0105\u017cka oparta na\u00a0metodzie\u00a0mapowania poj\u0119\u0107, kt\u00f3ra pomo\u017ce Ci szybciej zapami\u0119ta\u0107 nowe angielskie s\u0142owa, wyra\u017cenia i kolokacje. Zawiera niemal\u00a070 map j\u0119zykowych, stworzonych na bazie r\u00f3\u017cnych skojarze\u0144 oraz unikatowych rysunk\u00f3w. Ksi\u0105\u017cka podzielona jest na\u00a013 blok\u00f3w tematycznych\u00a0(np.\u00a0Colours,\u00a0Food,\u00a0Emotions,\u00a0Science,\u00a0People), a ka\u017cdy z nich zawiera kilka lekcji oraz&hellip;<\/p>\n","category_list":"","author_info":{"name":"Sylwia Borek","url":"https:\/\/prestonpublishing.pl\/blog\/author\/sylwia\/"},"comments_num":"0 comments","yoast_head":"<!-- This site is optimized with the Yoast SEO Premium plugin v23.0 (Yoast SEO v23.0) - https:\/\/yoast.com\/wordpress\/plugins\/seo\/ -->\n<title>Dzi\u0119kujemy za zapis do newslettera | Blog Preston Publishing<\/title>\n<meta name=\"description\" content=\"Dzi\u0119kujemy za zapis do newslettera.\" \/>\n<meta name=\"robots\" content=\"index, follow, max-snippet:-1, max-image-preview:large, max-video-preview:-1\" \/>\n<link rel=\"canonical\" href=\"https:\/\/prestonpublishing.pl\/blog\/mapy_angielski\/\" \/>\n<meta property=\"og:locale\" content=\"pl_PL\" \/>\n<meta property=\"og:type\" content=\"article\" \/>\n<meta property=\"og:title\" content=\"Dzi\u0119kujemy za zapis do newslettera | Blog Preston Publishing\" \/>\n<meta property=\"og:description\" content=\"Dzi\u0119kujemy za zapis do newslettera.\" \/>\n<meta property=\"og:url\" content=\"https:\/\/prestonpublishing.pl\/blog\/mapy_angielski\/\" \/>\n<meta property=\"og:site_name\" content=\"Blog Preston Publishing\" \/>\n<meta property=\"article:publisher\" content=\"https:\/\/www.facebook.com\/prestonpublishing1\" \/>\n<meta property=\"og:image\" content=\"https:\/\/prestonpublishing.pl\/blog\/wp-content\/uploads\/2022\/10\/A15B03F7-7EC1-4FE8-B824-7E3124201154-1024x1024.jpg\" \/>\n<meta name=\"twitter:card\" content=\"summary_large_image\" \/>\n<meta name=\"twitter:label1\" content=\"Szacowany czas czytania\" \/>\n\t<meta name=\"twitter:data1\" content=\"2 minuty\" \/>\n<script type=\"application\/ld+json\" class=\"yoast-schema-graph\">{\"@context\":\"https:\/\/schema.org\",\"@graph\":[{\"@type\":\"WebPage\",\"@id\":\"https:\/\/prestonpublishing.pl\/blog\/mapy_angielski\/\",\"url\":\"https:\/\/prestonpublishing.pl\/blog\/mapy_angielski\/\",\"name\":\"Dzi\u0119kujemy za zapis do newslettera | Blog Preston Publishing\",\"isPartOf\":{\"@id\":\"https:\/\/prestonpublishing.pl\/blog\/#website\"},\"primaryImageOfPage\":{\"@id\":\"https:\/\/prestonpublishing.pl\/blog\/mapy_angielski\/#primaryimage\"},\"image\":{\"@id\":\"https:\/\/prestonpublishing.pl\/blog\/mapy_angielski\/#primaryimage\"},\"thumbnailUrl\":\"https:\/\/prestonpublishing.pl\/blog\/wp-content\/uploads\/2022\/10\/A15B03F7-7EC1-4FE8-B824-7E3124201154-1024x1024.jpg\",\"datePublished\":\"2025-04-29T14:23:24+00:00\",\"dateModified\":\"2025-04-29T14:23:24+00:00\",\"description\":\"Dzi\u0119kujemy za zapis do newslettera.\",\"breadcrumb\":{\"@id\":\"https:\/\/prestonpublishing.pl\/blog\/mapy_angielski\/#breadcrumb\"},\"inLanguage\":\"pl-PL\",\"potentialAction\":[{\"@type\":\"ReadAction\",\"target\":[\"https:\/\/prestonpublishing.pl\/blog\/mapy_angielski\/\"]}]},{\"@type\":\"ImageObject\",\"inLanguage\":\"pl-PL\",\"@id\":\"https:\/\/prestonpublishing.pl\/blog\/mapy_angielski\/#primaryimage\",\"url\":\"https:\/\/prestonpublishing.pl\/blog\/wp-content\/uploads\/2022\/10\/A15B03F7-7EC1-4FE8-B824-7E3124201154.jpg\",\"contentUrl\":\"https:\/\/prestonpublishing.pl\/blog\/wp-content\/uploads\/2022\/10\/A15B03F7-7EC1-4FE8-B824-7E3124201154.jpg\",\"width\":1440,\"height\":1440,\"caption\":\"ok\u0142adki ksi\u0105\u017cek Preston Publishing z serii mapy j\u0119zykowe angielski cz\u0119\u015b\u0107 1 Preston Publishing\"},{\"@type\":\"BreadcrumbList\",\"@id\":\"https:\/\/prestonpublishing.pl\/blog\/mapy_angielski\/#breadcrumb\",\"itemListElement\":[{\"@type\":\"ListItem\",\"position\":1,\"name\":\"PrestonPublishing Blog\",\"item\":\"https:\/\/prestonpublishing.pl\/blog\/\"},{\"@type\":\"ListItem\",\"position\":2,\"name\":\"Dzi\u0119kujemy za zapis do newslettera\"}]},{\"@type\":\"WebSite\",\"@id\":\"https:\/\/prestonpublishing.pl\/blog\/#website\",\"url\":\"https:\/\/prestonpublishing.pl\/blog\/\",\"name\":\"Blog Preston Publishing\",\"description\":\"Artyku\u0142y o nauce j\u0119zyk\u00f3w obcych\",\"publisher\":{\"@id\":\"https:\/\/prestonpublishing.pl\/blog\/#organization\"},\"alternateName\":\"Blog Preston\",\"potentialAction\":[{\"@type\":\"SearchAction\",\"target\":{\"@type\":\"EntryPoint\",\"urlTemplate\":\"https:\/\/prestonpublishing.pl\/blog\/?s={search_term_string}\"},\"query-input\":\"required name=search_term_string\"}],\"inLanguage\":\"pl-PL\"},{\"@type\":\"Organization\",\"@id\":\"https:\/\/prestonpublishing.pl\/blog\/#organization\",\"name\":\"PrestonPublishing Blog\",\"url\":\"https:\/\/prestonpublishing.pl\/blog\/\",\"logo\":{\"@type\":\"ImageObject\",\"inLanguage\":\"pl-PL\",\"@id\":\"https:\/\/prestonpublishing.pl\/blog\/#\/schema\/logo\/image\/\",\"url\":\"https:\/\/prestonpublishing.pl\/blog\/wp-content\/uploads\/2025\/01\/preston-logo-tagline-no-padding.svg\",\"contentUrl\":\"https:\/\/prestonpublishing.pl\/blog\/wp-content\/uploads\/2025\/01\/preston-logo-tagline-no-padding.svg\",\"caption\":\"PrestonPublishing Blog\"},\"image\":{\"@id\":\"https:\/\/prestonpublishing.pl\/blog\/#\/schema\/logo\/image\/\"},\"sameAs\":[\"https:\/\/www.facebook.com\/prestonpublishing1\",\"https:\/\/www.instagram.com\/prestonpublishing\/\",\"https:\/\/www.linkedin.com\/company\/prestonpublishing\"]}]}<\/script>\n<!-- \/ Yoast SEO Premium plugin. -->","yoast_head_json":{"title":"Dzi\u0119kujemy za zapis do newslettera | Blog Preston Publishing","description":"Dzi\u0119kujemy za zapis do newslettera.","robots":{"index":"index","follow":"follow","max-snippet":"max-snippet:-1","max-image-preview":"max-image-preview:large","max-video-preview":"max-video-preview:-1"},"canonical":"https:\/\/prestonpublishing.pl\/blog\/mapy_angielski\/","og_locale":"pl_PL","og_type":"article","og_title":"Dzi\u0119kujemy za zapis do newslettera | Blog Preston Publishing","og_description":"Dzi\u0119kujemy za zapis do newslettera.","og_url":"https:\/\/prestonpublishing.pl\/blog\/mapy_angielski\/","og_site_name":"Blog Preston Publishing","article_publisher":"https:\/\/www.facebook.com\/prestonpublishing1","og_image":[{"url":"https:\/\/prestonpublishing.pl\/blog\/wp-content\/uploads\/2022\/10\/A15B03F7-7EC1-4FE8-B824-7E3124201154-1024x1024.jpg"}],"twitter_card":"summary_large_image","twitter_misc":{"Szacowany czas czytania":"2 minuty"},"schema":{"@context":"https:\/\/schema.org","@graph":[{"@type":"WebPage","@id":"https:\/\/prestonpublishing.pl\/blog\/mapy_angielski\/","url":"https:\/\/prestonpublishing.pl\/blog\/mapy_angielski\/","name":"Dzi\u0119kujemy za zapis do newslettera | Blog Preston Publishing","isPartOf":{"@id":"https:\/\/prestonpublishing.pl\/blog\/#website"},"primaryImageOfPage":{"@id":"https:\/\/prestonpublishing.pl\/blog\/mapy_angielski\/#primaryimage"},"image":{"@id":"https:\/\/prestonpublishing.pl\/blog\/mapy_angielski\/#primaryimage"},"thumbnailUrl":"https:\/\/prestonpublishing.pl\/blog\/wp-content\/uploads\/2022\/10\/A15B03F7-7EC1-4FE8-B824-7E3124201154-1024x1024.jpg","datePublished":"2025-04-29T14:23:24+00:00","dateModified":"2025-04-29T14:23:24+00:00","description":"Dzi\u0119kujemy za zapis do newslettera.","breadcrumb":{"@id":"https:\/\/prestonpublishing.pl\/blog\/mapy_angielski\/#breadcrumb"},"inLanguage":"pl-PL","potentialAction":[{"@type":"ReadAction","target":["https:\/\/prestonpublishing.pl\/blog\/mapy_angielski\/"]}]},{"@type":"ImageObject","inLanguage":"pl-PL","@id":"https:\/\/prestonpublishing.pl\/blog\/mapy_angielski\/#primaryimage","url":"https:\/\/prestonpublishing.pl\/blog\/wp-content\/uploads\/2022\/10\/A15B03F7-7EC1-4FE8-B824-7E3124201154.jpg","contentUrl":"https:\/\/prestonpublishing.pl\/blog\/wp-content\/uploads\/2022\/10\/A15B03F7-7EC1-4FE8-B824-7E3124201154.jpg","width":1440,"height":1440,"caption":"ok\u0142adki ksi\u0105\u017cek Preston Publishing z serii mapy j\u0119zykowe angielski cz\u0119\u015b\u0107 1 Preston Publishing"},{"@type":"BreadcrumbList","@id":"https:\/\/prestonpublishing.pl\/blog\/mapy_angielski\/#breadcrumb","itemListElement":[{"@type":"ListItem","position":1,"name":"PrestonPublishing Blog","item":"https:\/\/prestonpublishing.pl\/blog\/"},{"@type":"ListItem","position":2,"name":"Dzi\u0119kujemy za zapis do newslettera"}]},{"@type":"WebSite","@id":"https:\/\/prestonpublishing.pl\/blog\/#website","url":"https:\/\/prestonpublishing.pl\/blog\/","name":"Blog Preston Publishing","description":"Artyku\u0142y o nauce j\u0119zyk\u00f3w obcych","publisher":{"@id":"https:\/\/prestonpublishing.pl\/blog\/#organization"},"alternateName":"Blog Preston","potentialAction":[{"@type":"SearchAction","target":{"@type":"EntryPoint","urlTemplate":"https:\/\/prestonpublishing.pl\/blog\/?s={search_term_string}"},"query-input":"required name=search_term_string"}],"inLanguage":"pl-PL"},{"@type":"Organization","@id":"https:\/\/prestonpublishing.pl\/blog\/#organization","name":"PrestonPublishing Blog","url":"https:\/\/prestonpublishing.pl\/blog\/","logo":{"@type":"ImageObject","inLanguage":"pl-PL","@id":"https:\/\/prestonpublishing.pl\/blog\/#\/schema\/logo\/image\/","url":"https:\/\/prestonpublishing.pl\/blog\/wp-content\/uploads\/2025\/01\/preston-logo-tagline-no-padding.svg","contentUrl":"https:\/\/prestonpublishing.pl\/blog\/wp-content\/uploads\/2025\/01\/preston-logo-tagline-no-padding.svg","caption":"PrestonPublishing Blog"},"image":{"@id":"https:\/\/prestonpublishing.pl\/blog\/#\/schema\/logo\/image\/"},"sameAs":["https:\/\/www.facebook.com\/prestonpublishing1","https:\/\/www.instagram.com\/prestonpublishing\/","https:\/\/www.linkedin.com\/company\/prestonpublishing"]}]}},"_links":{"self":[{"href":"https:\/\/prestonpublishing.pl\/blog\/wp-json\/wp\/v2\/pages\/7537","targetHints":{"allow":["GET"]}}],"collection":[{"href":"https:\/\/prestonpublishing.pl\/blog\/wp-json\/wp\/v2\/pages"}],"about":[{"href":"https:\/\/prestonpublishing.pl\/blog\/wp-json\/wp\/v2\/types\/page"}],"author":[{"embeddable":true,"href":"https:\/\/prestonpublishing.pl\/blog\/wp-json\/wp\/v2\/users\/10"}],"replies":[{"embeddable":true,"href":"https:\/\/prestonpublishing.pl\/blog\/wp-json\/wp\/v2\/comments?post=7537"}],"version-history":[{"count":4,"href":"https:\/\/prestonpublishing.pl\/blog\/wp-json\/wp\/v2\/pages\/7537\/revisions"}],"predecessor-version":[{"id":7604,"href":"https:\/\/prestonpublishing.pl\/blog\/wp-json\/wp\/v2\/pages\/7537\/revisions\/7604"}],"wp:attachment":[{"href":"https:\/\/prestonpublishing.pl\/blog\/wp-json\/wp\/v2\/media?parent=7537"}],"curies":[{"name":"wp","href":"https:\/\/api.w.org\/{rel}","templated":true}]}}